ands digit of 21582?
2
What is the hundreds digit of 8540?
5
What is the hundreds digit of 9457?
4
What is the thousands digit of 48098?
8
What is the tens digit of 5017?
1
What is the hundreds digit of 12789?
7
What is the tens digit of 20277?
7
What is the units digit of 12011?
1
What is the units digit of 48887?
7
What is the hundreds digit of 57346?
3
What is the tens digit of 94293?
9
What is the tens digit of 39815?
1
What is the units digit of 38?
8
What is the hundreds digit of 2742?
7
What is the tens digit of 1713?
1
What is the hundreds digit of 10188?
1
What is the hundreds digit of 2704?
7
What is the tens digit of 51266?
6
What is the tens digit of 28605?
0
What is the ten thousands digit of 14805?
1
What is the tens digit of 571?
7
What is the thousands digit of 47106?
7
What is the hundreds digit of 3803?
8
What is the thousands digit of 4703?
4
What is the tens digit of 2919?
1
What is the hundreds digit of 12490?
4
What is the ten thousands digit of 19490?
1
What is the tens digit of 25747?
4
What is the tens digit of 13820?
2
What is the units digit of 57009?
9
What is the thousands digit of 78922?
8
What is the tens digit of 67154?
5
What is the hundreds digit of 26209?
2
What is the hundreds digit of 5418?
4
What is the tens digit of 6510?
1
What is the units digit of 33312?
2
What is the tens digit of 957?
5
What is the tens digit of 912?
1
What is the hundreds digit of 6385?
3
What is the hundreds digit of 3420?
4
What is the units digit of 1954?
4
What is the tens digit of 6285?
8
What is the ten thousands digit of 37842?
3
What is the hundreds digit of 2965?
9
What is the ten thousands digit of 27519?
2
What is the thousands digit of 3492?
3
What is the units digit of 14746?
6
What is the tens digit of 10293?
9
What is the units digit of 57813?
3
What is the hundreds digit of 65752?
7
What is the units digit of 19095?
5
What is the hundreds digit of 5807?
8
What is the ten thousands digit of 36325?
3
What is the hundreds digit of 51547?
5
What is the thousands digit of 16772?
6
What is the hundred thousands digit of 124098?
1
What is the hundreds digit of 6282?
2
What is the units digit of 265?
5
What is the ten thousands digit of 31178?
3
What is the hundreds digit of 99812?
8
What is the units digit of 3088?
8
What is the units digit of 644?
4
What is the thousands digit of 1270?
1
What is the hundreds digit of 9071?
0
What is the hundreds digit of 11372?
3
What is the ten thousands digit of 13174?
1
What is the tens digit of 13929?
2
What is the tens digit of 1342?
4
What is the units digit of 1555?
5
What is the tens digit of 1727?
2
What is the units digit of 22491?
1
What is the hundreds digit of 30687?
6
What is the hundreds digit of 16756?
7
What is the hundreds digit of 5472?
4
What is the hundred thousands digit of 122671?
1
What is the ten thousands digit of 27304?
2
What is the hundreds digit of 291?
2
What is the tens digit of 8324?
2
What is the hundreds digit of 804?
8
What is the hundreds digit of 1866?
8
What is the hundreds digit of 77873?
8
What is the hundreds digit of 809?
8
What is the thousands digit of 20459?
0
What is the thousands digit of 3973?
3
What is the thousands digit of 59918?
9
What is the tens digit of 2459?
5
What is the ten thousands digit of 22754?
2
What is the thousands digit of 2216?
2
What is the tens digit of 1016?
1
What is the tens digit of 1132?
3
What is the tens digit of 850?
5
What is the ten thousands digit of 12676?
1
What is the ten thousands digit of 73224?
7
What is the units digit of 26?
6
What is the units digit of 607?
7
What is the units digit of 15002?
2
What is the hundreds digit of 1001?
0
What is the thousands digit of 1774?
1
What is the hundreds digit of 649?
6
What is the hundreds digit of 308?
3
What is the thousands digit of 1123?
1
What is the hundreds digit of 2312?
3
What is the hundreds digit of 19448?
4
What is the units digit of 9173?
3
What is the hundreds digit of 59984?
9
What is the units digit of 14512?
2
What is the hundreds digit of 3342?
3
What is the hundreds digit of 5831?
8
What is the hundreds digit of 9549?
5
What is the tens digit of 954?
5
What is the hundreds digit of 686?
6
What is the tens digit of 10938?
3
What is the units digit of 4072?
2
What is the hundreds digit of 338?
3
What is the ten thousands digit of 60990?
6
What is the hundreds digit of 1387?
3
What is the tens digit of 80358?
5
What is the ten thousands digit of 15495?
1
What is the tens digit of 2237?
3
What is the tens digit of 11287?
8
What is the tens digit of 20979?
7
What is the hundreds digit of 29865?
8
What is the tens digit of 551?
5
What is the tens digit of 9183?
8
What is the hundreds digit of 1013?
0
What is the tens digit of 4267?
6
What is the tens digit of 701?
0
What is the units digit of 102560?
0
What is the tens digit of 9637?
3
What is the thousands digit of 1126?
1
What is the units digit of 160188?
8
What is the hundreds digit of 16884?
8
What is the units digit of 379?
9
What is the tens digit of 7580?
8
What is the tens digit of 2156?
5
What is the units digit of 32?
2
What is the units digit of 7402?
2
What is the units digit of 339?
9
What is the thousands digit of 2119?
2
What is the thousands digit of 10259?
0
What is the thousands digit of 27511?
7
What is the units digit of 68910?
0
What is the hundreds digit of 15570?
5
What is the thousands digit of 2354?
2
What is the ten thousands digit of 95401?
9
What is the hundreds digit of 16964?
9
What is the units digit of 17853?
3
What is the units digit of 1084?
4
What is the thousands digit of 2254?
2
What is the thousands digit of 53099?
3
What is the units digit of 1431?
1
What is the thousands digit of 1364?
1
What is the hundreds digit of 9707?
7
What is the tens digit of 21515?
1
What is the tens digit of 826?
2
What is the tens digit of 1242?
4
What is the thousands digit of 16744?
6
What is the thousands digit of 77928?
7
What is the hundreds digit of 27280?
2
What is the tens digit of 4113?
1
What is the thousands digit of 1984?
1
What is the tens digit of 3203?
0
What is the thousands digit of 1040?
1
What is the thousands digit of 91578?
1
What is the ten thousands digit of 51686?
5
What is the ten thousands digit of 64845?
6
What is the hundreds digit of 9073?
0
What is the units digit of 7188?
8
What is the tens digit of 16996?
9
What is the tens digit of 35?
3
What is the thousands digit of 1338?
1
What is the tens digit of 57290?
9
What is the tens digit of 57616?
1
What is the units digit of 6325?
5
What is the units digit of 2777?
7
What is the thousands digit of 28117?
8
What is the tens digit of 4229?
2
What is the hundreds digit of 1245?
2
What is the ten thousands digit of 22287?
2
What is the ten thousands digit of 19153?
1
What is the thousands digit of 1663?
1
What is the hundreds digit of 916?
9
What is the tens digit of 46868?
6
What is the thousands digit of 1055?
1
What is the tens digit of 26473?
7
What is the hundreds digit of 19631?
6
What is the hundreds digit of 15908?
9
What is the tens digit of 39287?
8
What is the units digit of 1649?
9
What is the hundreds digit of 27232?
2
What is the thousands digit of 1967?
1
What is the tens digit of 27235?
3
What is the units digit of 2351?
1
What is the tens digit of 713?
1
What is the tens digit of 2406?
0
What is the units digit of 87545?
5
What is the tens digit of 21715?
1
What is the tens digit of 9482?
8
What is the tens digit of 1546?
4
What is the hundreds digit of 5424?
4
What is the tens digit of 6124?
2
What is the tens digit of 7104?
0
What is the tens digit of 1866?
6
What is the thousands digit of 2924?
2
What is the tens digit of 15031?
3
What is the tens digit of 602?
0
What is the units digit of 499?
9
What is the units digit of 410?
0
What is the tens digit of 4973?
7
What is the hundreds digit of 7280?
2
What is the hundreds digit of 19663?
6
What is the thousands digit of 55636?
5
What is the tens digit of 898?
9
What is the tens digit of 1142?
4
What is the tens digit of 1420?
2
What is the tens digit of 311?
1
What is the tens digit of 6390?
9
What is the thousands digit of 22149?
2
What is the units digit of 24955?
5
What is the hundreds digit of 5763?
7
What is the hundreds digit of